se
Does 18 divide 675?
False
Is 10430 a multiple of 20?
False
Is 13 a factor of 91169?
True
Does 27 divide 5419?
False
Does 4 divide 158?
False
Is 2183 a multiple of 37?
True
Does 18 divide 2196?
True
Is 5106 a multiple of 37?
True
Does 11 divide 19074?
True
Does 22 divide 528?
True
Does 11 divide 3223?
True
Is 6503 a multiple of 27?
False
Does 6 divide 7392?
True
Is 3145 a multiple of 37?
True
Is 775 a multiple of 16?
False
Does 2 divide 212?
True
Is 6 a factor of 857?
False
Does 14 divide 2646?
True
Is 370 a multiple of 32?
False
Is 11842 a multiple of 62?
True
Is 137 a factor of 11391?
False
Is 11 a factor of 2805?
True
Is 116 a multiple of 26?
False
Is 671 a multiple of 61?
True
Is 136 a factor of 5984?
True
Is 24 a factor of 339?
False
Does 26 divide 728?
True
Is 8 a factor of 26645?
False
Is 2528 a multiple of 4?
True
Does 15 divide 30?
True
Is 996 a multiple of 12?
True
Is 239 a factor of 24139?
True
Is 6 a factor of 780?
True
Is 2856 a multiple of 8?
True
Does 48 divide 80225?
False
Is 86 a factor of 3930?
False
Is 14272 a multiple of 12?
False
Is 14 a factor of 966?
True
Does 27 divide 1837?
False
Is 15 a factor of 10770?
True
Is 8904 a multiple of 371?
True
Is 239 a multiple of 13?
False
Is 14 a factor of 364?
True
Does 45 divide 3915?
True
Is 12 a factor of 120?
True
Is 859 a multiple of 24?
False
Does 18 divide 25290?
True
Is 17 a factor of 6749?
True
Is 552 a multiple of 6?
True
Is 318 a multiple of 106?
True
Is 527 a multiple of 2?
False
Is 454 a multiple of 21?
False
Is 4389 a multiple of 11?
True
Is 41 a factor of 121?
False
Does 24 divide 1368?
True
Does 12 divide 3576?
True
Is 101 a multiple of 4?
False
Is 8890 a multiple of 70?
True
Is 167709 a multiple of 44?
False
Does 12 divide 52512?
True
Is 192 a factor of 3561?
False
Is 520 a multiple of 12?
False
Is 4556 a multiple of 68?
True
Is 7104 a multiple of 31?
False
Is 26902 a multiple of 11?
False
Is 1480 a multiple of 22?
False
Does 6 divide 81?
False
Does 24 divide 9012?
False
Does 46 divide 2806?
True
Is 4275 a multiple of 285?
True
Does 145 divide 4484?
False
Does 11 divide 1397?
True
Is 3772 a multiple of 41?
True
Is 192 a factor of 13876?
False
Does 39 divide 876?
False
Is 14175 a multiple of 45?
True
Is 1081 a multiple of 9?
False
Is 29820 a multiple of 12?
True
Does 7 divide 84?
True
Is 104 a factor of 15891?
False
Is 2 a factor of 140?
True
Is 149 a multiple of 11?
False
Is 29 a factor of 4274?
False
Does 31 divide 2356?
True
Is 718 a multiple of 11?
False
Is 660 a multiple of 11?
True
Does 27 divide 714?
False
Is 13 a factor of 21980?
False
Is 39 a factor of 48212?
False
Is 17116 a multiple of 18?
False
Does 45 divide 14687?
False
Does 25 divide 7500?
True
Is 1559 a multiple of 37?
False
Is 5068 a multiple of 56?
False
Does 18 divide 105030?
True
Is 9 a factor of 657?
True
Does 47 divide 235?
True
Is 866 a multiple of 71?
False
Is 2160 a multiple of 36?
True
Is 4599 a multiple of 22?
False
Does 141 divide 7290?
False
Is 2559 a multiple of 53?
False
Does 292 divide 65408?
True
Is 116 a factor of 12412?
True
Is 3 a factor of 499?
False
Is 15 a factor of 2759?
False
Is 27 a factor of 233?
False
Does 26 divide 1816?
False
Is 82 a multiple of 40?
False
Does 7 divide 136?
False
Does 29 divide 403?
False
Does 23 divide 1935?
False
Does 44 divide 924?
True
Is 69262 a multiple of 33?
False
Is 2 a factor of 1390?
True
Is 31 a factor of 526?
False
Is 543 a multiple of 6?
False
Is 61 a factor of 13969?
True
Does 14 divide 336?
True
Is 93 even?
False
Is 202 a multiple of 12?
False
Is 13968 a multiple of 13?
False
Is 14 a factor of 532?
True
Is 804 a multiple of 12?
True
Is 89 a factor of 2492?
True
Does 40 divide 240?
True
Is 9 a factor of 4869?
True
Is 64178 a multiple of 110?
False
Does 20 divide 1080?
True
Is 51 a factor of 345?
False
Does 24 divide 12118?
False
Is 29187 a multiple of 378?
False
Is 38 a factor of 5153?
False
Is 13136 a multiple of 8?
True
Is 33 a factor of 528?
True
Is 80 a factor of 320?
True
Is 11 a factor of 2741?
False
Does 23 divide 535?
False
Does 16 divide 31856?
True
Does 6 divide 222?
True
Is 11 a factor of 3960?
True
Is 18 a multiple of 3?
True
Does 148 divide 31968?
True
Does 13 divide 27456?
True
Does 31 divide 1528?
False
Is 5 a factor of 237?
False
Is 411 a multiple of 2?
False
Is 2238 a multiple of 11?
False
Does 4 divide 12789?
False
Does 10 divide 1960?
True
Is 521 a multiple of 21?
False
Is 117 a factor of 27261?
True
Does 17 divide 2703?
True
Does 19 divide 1254?
True
Is 66000 a multiple of 75?
True
Does 52 divide 4576?
True
Does 12 divide 18133?
False
Is 16 a factor of 337?
False
Is 143 a multiple of 17?
False
Is 962 a multiple of 14?
False
Does 5 divide 70?
True
Is 50022 a multiple of 113?
False
Does 17 divide 374?
True
Is 35 a factor of 4725?
True
Does 14 divide 17696?
True
Is 49 a factor of 2294?
False
Does 21 divide 651?
True
Does 18 divide 94?
False
Is 1746 a multiple of 21?
False
Is 1254 a multiple of 22?
True
Is 68 a factor of 2831?
False
Is 3976 a multiple of 14?
True
Does 36 divide 789?
False
Is 1184 a multiple of 16?
True
Is 9 a factor of 33946?
False
Does 32 divide 2973?
False
Does 8 divide 1264?
True
Is 18 a factor of 30050?
False
Is 44 a factor of 5289?
False
Is 32868 a multiple of 83?
True
Is 57 a factor of 5871?
True
Does 23 divide 24690?
False
Is 511 a multiple of 19?
False
Does 3 divide 2078?
False
Is 22 a factor of 1463?
False
Does 24 divide 97194?
False
Does 83 divide 1245?
True
Does 11 divide 11495?
True
Is 245 a multiple of 4?
False
Does 31 divide 3472?
True
Does 28 divide 1329?
False
Is 48 a factor of 150240?
True
Is 218 a multiple of 7?
False
Is 23 a factor of 460?
True
Does 8 divide 1740?
False
Is 12835 a multiple of 30?
False
Does 75 divide 1884?
False
Does 33 divide 11517?
True
Is 7 a factor of 262?
False
Is 480 a multiple of 16?
True
Does 135 divide 61050?
False
Is 9 a factor of 5481?
True
Is 427 a multiple of 7?
True
Does 23 divide 6716?
True
Is 6 a factor of 396?
True
Is 11 a factor of 3168?
True
Does 13 divide 596?
False
Is 2671 a multiple of 54?
False
Is 2071 a multiple of 69?
False
Is 94400 a multiple of 236?
True
Is 91 a factor of 94276?
True
Is 117041 a multiple of 17?
False
Does 8 divide 3464?
True
Does 13 divide 81?
False
Does 17 divide 9793?
False
Does 22 divide 440?
True
Does 3 divide 126?
True
Does 12 divide 116?
False
Is 231 a factor of 48741?
True
Is 8 a factor of 22720?
True
Is 1290 a multiple of 86?
True
Is 3754 a multiple of 8?
False
Is 460 a multiple of 23?
True
Is 4208 a multiple of 16?
True
Is 2 a factor of 257?
False
Does 38 divide 780?
False
Does 2 divide 203?
False
Is 8 a factor of 1272?
True
Is 17 a factor of 5837?
False
Does 108 divide 324?
True
Is 11 a factor of 363?
True
Is 2 a factor of 585?
False
Is 444 a multiple of 32?
False
Does 85 divide 30907?
False
Is 80 a factor of 9574?
False
Is 24 a factor of 120?
True
Is 88 a factor of 5056?
False
Is 928 a multiple of 8?
True
Is 4438 a multiple of 13?
False
Does 13 divide 93?
False
Is 11908 a multiple of 52?
True
Is 2146 a multiple of 7?
False
Is 57 a multiple of 5?
False
Is 39 a factor of 56462?
False
Is 181 a factor of 7421?
True
Is 1017 a multiple of 64?
False
Is 79 a factor of 790?
True
Does 5 divide 453?
False
Is 2432 a multiple of 23?
False
Is 35 a factor of 1140?
False
Does 13 divide 156?
True
Does 68 divide 680?
True
Is 1538 a multiple of 23?
False
Is 47 a factor of 93862?
False
Does 7 divide 525?
True
Is 84 a multiple of 13?
False
Is 61 a multiple of 17?
False
Is 3 a factor of 441?
True
Does 12 divide 23340?
True
Is 6 a factor of 8705?
False
Does 55 divide 179?
False
Is 111 a factor of 2322?
False
Is 153 a factor of 2295?
True
Is 70 a factor of 59320?
False
Is 5454 a multiple of 18?
True
Is 9 a factor of 6038?
False
Does 16 divide 368?
True
Is 150 a multiple of 3?
True
Is 8 a factor of 1376?
True
Is 70 a factor of 1501?
False
Is 20203 a multiple of 13?
False
Is 760 a multiple of 82?
False
Is 11 a factor of 30250?
True
Does 122 divide 9272?
True
Is 17 a factor of 1974?
False
Does 140 divide 22120?
True
Is 3537 a multiple of 19?
False
Does 139 divide 2780?
True
Is 27 a factor of 79?
False
Does 142 divide 7387?
False
Is 137 a factor of 11919?
True
Is 1162 a multiple of 83?
True
Is 20 a factor of 6540?
True
Is 16 a multiple of 4?
